{"id":996,"date":"2021-01-20T11:19:12","date_gmt":"2021-01-20T11:19:12","guid":{"rendered":"https:\/\/multiples-store.de\/?post_type=product&#038;p=996"},"modified":"2021-01-25T07:18:32","modified_gmt":"2021-01-25T07:18:32","slug":"weisse-damenbluse-aus-baumwolle","status":"publish","type":"product","link":"https:\/\/multiples-store.de\/?product=weisse-damenbluse-aus-baumwolle","title":{"rendered":"Wei\u00dfe Damenbluse aus Baumwolle"},"content":{"rendered":"<p>Wei\u00dfe Damenbluse aus Baumwolle mit Stehkragen, verdeckter Knopfleiste in kleine Falten gelegt, lange \u00c4rmel mit kleinem Knopf zum Schlie\u00dfen. Kleine Seitenschlitze.<\/p>\n<p>100% Baumwolle, Gr\u00f6\u00dfe 36, gebraucht ohne Sch\u00e4den<\/p>\n<p>von H&amp;M<\/p>\n","protected":false},"excerpt":{"rendered":"<p>Wei\u00dfe Damenbluse aus Baumwolle mit Stehkragen, verdeckter Knopfleiste in kleine Falten gelegt, lange \u00c4rmel mit kleinem Knopf zum Schlie\u00dfen. Kleine Seitenschlitze.<\/p>\n<p>100% Baumwolle, Gr\u00f6\u00dfe 36, gebraucht ohne Sch\u00e4den<\/p>\n<p>von H&amp;M<\/p>\n","protected":false},"featured_media":986,"comment_status":"open","ping_status":"closed","template":"","meta":{"jetpack_publicize_message":"","jetpack_is_tweetstorm":false,"jetpack_publicize_feature_enabled":true},"product_cat":[178],"product_tag":[186,184,183,180,181],"jetpack_publicize_connections":[],"jetpack_sharing_enabled":true,"_links":{"self":[{"href":"https:\/\/multiples-store.de\/index.php?rest_route=\/wp\/v2\/product\/996"}],"collection":[{"href":"https:\/\/multiples-store.de\/index.php?rest_route=\/wp\/v2\/product"}],"about":[{"href":"https:\/\/multiples-store.de\/index.php?rest_route=\/wp\/v2\/types\/product"}],"replies":[{"embeddable":true,"href":"https:\/\/multiples-store.de\/index.php?rest_route=%2Fwp%2Fv2%2Fcomments&post=996"}],"wp:featuredmedia":[{"embeddable":true,"href":"https:\/\/multiples-store.de\/index.php?rest_route=\/wp\/v2\/media\/986"}],"wp:attachment":[{"href":"https:\/\/multiples-store.de\/index.php?rest_route=%2Fwp%2Fv2%2Fmedia&parent=996"}],"wp:term":[{"taxonomy":"product_cat","embeddable":true,"href":"https:\/\/multiples-store.de\/index.php?rest_route=%2Fwp%2Fv2%2Fproduct_cat&post=996"},{"taxonomy":"product_tag","embeddable":true,"href":"https:\/\/multiples-store.de\/index.php?rest_route=%2Fwp%2Fv2%2Fproduct_tag&post=996"}],"curies":[{"name":"wp","href":"https:\/\/api.w.org\/{rel}","templated":true}]}}