{"id":1524,"date":"2023-01-04T14:47:49","date_gmt":"2023-01-04T14:47:49","guid":{"rendered":"https:\/\/multiples-store.de\/?post_type=product&#038;p=1524"},"modified":"2023-01-14T00:36:35","modified_gmt":"2023-01-14T00:36:35","slug":"skulptur-und-lampe-45-ringe","status":"publish","type":"product","link":"https:\/\/multiples-store.de\/?product=skulptur-und-lampe-45-ringe","title":{"rendered":"Skulptur und Lampe 45 Ringe"},"content":{"rendered":"<p>Skuptur und Lampe 45 Ringe<\/p>\n<p><span lang=\"de-DE\">An dem Objekt 45 Ringe fasziniert die Strenge Geometrie des Kreises : angeordnet um ein leuchtendes Zentrum kreisen 45 Ringe die unterschiedlich ausgerichtet werden k\u00f6nnen. Die von innen leuchtenden Kreise wirken sp\u00e4hrisch und atmosph\u00e4risch und bleiben in dauernder Berwegung.<\/span><\/p>\n<p><span lang=\"de-DE\">Hergestellt wurde 45 Ringe aus MDF-Holz mit ringf\u00f6rmig gefr\u00e4sten Kreisen mit einem Au\u00dfendurchmesser von 16 cm bis 25 cm und einem Innendurchmesser von 6 bis 15 cm. Die insgesamt 45 Ringe sind mit Stahlgranulat im Durchmesser 0,08 mm beschichtet worden und anschlie\u00dfend rosten gelassen. Die Ringe sind auf ein Vollrundstahl im Durchmesser 30 mm aufgesteckt. Das Vollrundstahl ist zweiseitig mit einer Nut von ca. 4 mm x 10 mm eingefr\u00e4st. In dieser Nut befindet sich das eingeklebte COB LED Band. Wechselnd sind Holzringe und Acrylglasringe aufgesteckt. Die Ringe lassen sich um die Stahlstange beliebig drehen, und andersartig auf stecken, so dass man das Aussehen der Lampe ver\u00e4ndern kann in z.B. schlangenf\u00f6rmig, schneckenf\u00f6rmig, konvex oder auch konkav. H\u00f6he 170 cm Durchmesser 45 cm Gewicht ca. 32 Kg<br \/>\n<\/span><\/p>\n","protected":false},"excerpt":{"rendered":"<p><span lang=\"de-DE\">An dem Objekt 45 Ringe fasziniert die Strenge Geometrie des Kreises : angeordnet um ein leuchtendes Zentrum kreisen 45 Ringe die unterschiedlich ausgerichtet werden k\u00f6nnen. Die von innen leuchtenden Kreise wirken sp\u00e4hrisch und atmosph\u00e4risch und bleiben in dauernder Berwegung.<\/span><\/p>\n","protected":false},"featured_media":1528,"comment_status":"open","ping_status":"closed","template":"","meta":{"jetpack_publicize_message":"","jetpack_is_tweetstorm":false,"jetpack_publicize_feature_enabled":true},"product_cat":[143],"product_tag":[83,256,151],"jetpack_publicize_connections":[],"jetpack_sharing_enabled":true,"_links":{"self":[{"href":"https:\/\/multiples-store.de\/index.php?rest_route=\/wp\/v2\/product\/1524"}],"collection":[{"href":"https:\/\/multiples-store.de\/index.php?rest_route=\/wp\/v2\/product"}],"about":[{"href":"https:\/\/multiples-store.de\/index.php?rest_route=\/wp\/v2\/types\/product"}],"replies":[{"embeddable":true,"href":"https:\/\/multiples-store.de\/index.php?rest_route=%2Fwp%2Fv2%2Fcomments&post=1524"}],"wp:featuredmedia":[{"embeddable":true,"href":"https:\/\/multiples-store.de\/index.php?rest_route=\/wp\/v2\/media\/1528"}],"wp:attachment":[{"href":"https:\/\/multiples-store.de\/index.php?rest_route=%2Fwp%2Fv2%2Fmedia&parent=1524"}],"wp:term":[{"taxonomy":"product_cat","embeddable":true,"href":"https:\/\/multiples-store.de\/index.php?rest_route=%2Fwp%2Fv2%2Fproduct_cat&post=1524"},{"taxonomy":"product_tag","embeddable":true,"href":"https:\/\/multiples-store.de\/index.php?rest_route=%2Fwp%2Fv2%2Fproduct_tag&post=1524"}],"curies":[{"name":"wp","href":"https:\/\/api.w.org\/{rel}","templated":true}]}}