{"id":1447,"date":"2021-04-19T17:27:19","date_gmt":"2021-04-19T17:27:19","guid":{"rendered":"https:\/\/multiples-store.de\/?post_type=product&#038;p=1447"},"modified":"2024-08-03T08:16:42","modified_gmt":"2024-08-03T08:16:42","slug":"hueftgerechter-handkorb-aus-berindeter-weide","status":"publish","type":"product","link":"https:\/\/multiples-store.de\/?product=hueftgerechter-handkorb-aus-berindeter-weide","title":{"rendered":"H\u00fcftgerechter Handkorb aus berindeter Weide"},"content":{"rendered":"<p>Rumpfgeflecht an den L\u00e4ngsseiten eingezogen, um k\u00f6rpernah getragen werden zu k\u00f6nnen, farblich abgesetzt durch Verarbeitung von 2 verschiedenen Weidensorten.<\/p>\n<p>Der perfekte Einkaufskorb, langlebig und nachhaltig.<\/p>\n<p>Hergestellt in der Uckermark aus Weiden aus der Uckermark vom Korbmachermeister Werner Keup<\/p>\n<p>&nbsp;<\/p>\n<p>&nbsp;<\/p>\n","protected":false},"excerpt":{"rendered":"<p>Rumpfgeflecht an den L\u00e4ngsseiten eingezogen, um k\u00f6rpernah getragen werden zu k\u00f6nnen, farblich abgesetzt durch Verarbeitung von 2 verschiedenen Weidensorten.<\/p>\n<p>Der perfekte Einkaufskorb, langlebig und nachhaltig.<\/p>\n<p>Hergestellt in der Uckermark aus Weiden aus der Uckermark vom Korbmachermeister Werner Keup<\/p>\n","protected":false},"featured_media":1448,"comment_status":"open","ping_status":"closed","template":"","meta":{"jetpack_publicize_message":"","jetpack_is_tweetstorm":false,"jetpack_publicize_feature_enabled":true},"product_cat":[245],"product_tag":[249,248,183,100,246,251],"jetpack_publicize_connections":[],"jetpack_sharing_enabled":true,"_links":{"self":[{"href":"https:\/\/multiples-store.de\/index.php?rest_route=\/wp\/v2\/product\/1447"}],"collection":[{"href":"https:\/\/multiples-store.de\/index.php?rest_route=\/wp\/v2\/product"}],"about":[{"href":"https:\/\/multiples-store.de\/index.php?rest_route=\/wp\/v2\/types\/product"}],"replies":[{"embeddable":true,"href":"https:\/\/multiples-store.de\/index.php?rest_route=%2Fwp%2Fv2%2Fcomments&post=1447"}],"wp:featuredmedia":[{"embeddable":true,"href":"https:\/\/multiples-store.de\/index.php?rest_route=\/wp\/v2\/media\/1448"}],"wp:attachment":[{"href":"https:\/\/multiples-store.de\/index.php?rest_route=%2Fwp%2Fv2%2Fmedia&parent=1447"}],"wp:term":[{"taxonomy":"product_cat","embeddable":true,"href":"https:\/\/multiples-store.de\/index.php?rest_route=%2Fwp%2Fv2%2Fproduct_cat&post=1447"},{"taxonomy":"product_tag","embeddable":true,"href":"https:\/\/multiples-store.de\/index.php?rest_route=%2Fwp%2Fv2%2Fproduct_tag&post=1447"}],"curies":[{"name":"wp","href":"https:\/\/api.w.org\/{rel}","templated":true}]}}