{"id":1357,"date":"2021-01-31T13:02:21","date_gmt":"2021-01-31T13:02:21","guid":{"rendered":"https:\/\/multiples-store.de\/?post_type=product&#038;p=1357"},"modified":"2026-01-31T08:15:21","modified_gmt":"2026-01-31T08:15:21","slug":"rote-bluse","status":"publish","type":"product","link":"https:\/\/multiples-store.de\/?product=rote-bluse","title":{"rendered":"Rote Bluse"},"content":{"rendered":"<p>Sch\u00f6ne rote Bluse mit langem Arm, Knopfleiste, 3 Kn\u00f6pfe an den Manschetten, ein weiterer Knopf dar\u00fcber am \u00c4rmel, 2 Kn\u00f6pfe am Kragen<\/p>\n<p>Gr\u00f6\u00dfe M, wenig getragen, ohne Sch\u00e4den<\/p>\n<p>97% Baumwolle, 3% Elasthan<\/p>\n<p>Sutherland<\/p>\n","protected":false},"excerpt":{"rendered":"<p>Sch\u00f6ne rote Bluse mit langem Arm, Knopfleiste, 3 Kn\u00f6pfe an den Manschetten, ein weiterer Knopf dar\u00fcber am \u00c4rmel, 2 Kn\u00f6pfe am Kragen<\/p>\n<p>Gr\u00f6\u00dfe M, wenig getragen, ohne Sch\u00e4den<\/p>\n<p>97% Baumwolle, 3% Elasthan<\/p>\n<p>Sutherland<\/p>\n","protected":false},"featured_media":1329,"comment_status":"open","ping_status":"closed","template":"","meta":{"jetpack_publicize_message":"","jetpack_is_tweetstorm":false,"jetpack_publicize_feature_enabled":true},"product_cat":[178],"product_tag":[179,186,184,183,230,180,181],"jetpack_publicize_connections":[],"jetpack_sharing_enabled":true,"_links":{"self":[{"href":"https:\/\/multiples-store.de\/index.php?rest_route=\/wp\/v2\/product\/1357"}],"collection":[{"href":"https:\/\/multiples-store.de\/index.php?rest_route=\/wp\/v2\/product"}],"about":[{"href":"https:\/\/multiples-store.de\/index.php?rest_route=\/wp\/v2\/types\/product"}],"replies":[{"embeddable":true,"href":"https:\/\/multiples-store.de\/index.php?rest_route=%2Fwp%2Fv2%2Fcomments&post=1357"}],"wp:featuredmedia":[{"embeddable":true,"href":"https:\/\/multiples-store.de\/index.php?rest_route=\/wp\/v2\/media\/1329"}],"wp:attachment":[{"href":"https:\/\/multiples-store.de\/index.php?rest_route=%2Fwp%2Fv2%2Fmedia&parent=1357"}],"wp:term":[{"taxonomy":"product_cat","embeddable":true,"href":"https:\/\/multiples-store.de\/index.php?rest_route=%2Fwp%2Fv2%2Fproduct_cat&post=1357"},{"taxonomy":"product_tag","embeddable":true,"href":"https:\/\/multiples-store.de\/index.php?rest_route=%2Fwp%2Fv2%2Fproduct_tag&post=1357"}],"curies":[{"name":"wp","href":"https:\/\/api.w.org\/{rel}","templated":true}]}}