{"id":1320,"date":"2021-01-31T11:31:48","date_gmt":"2021-01-31T11:31:48","guid":{"rendered":"https:\/\/multiples-store.de\/?post_type=product&#038;p=1320"},"modified":"2021-01-31T11:31:48","modified_gmt":"2021-01-31T11:31:48","slug":"schwarze-feincordhose","status":"publish","type":"product","link":"https:\/\/multiples-store.de\/?product=schwarze-feincordhose","title":{"rendered":"schwarze Feincordhose"},"content":{"rendered":"<p>Schwarze Feincordhose mit hoher Taille, Taschen vorne und hinten, Rei\u00dfverschlu\u00df und Knopf, G\u00fcrtelschlaufen<\/p>\n<p>schmales Bein<\/p>\n<p>Gr\u00f6\u00dfe 38, 1 x getragen<\/p>\n<p>98% Baumwolle, 2% Elastan<\/p>\n<p>Esmara<\/p>\n","protected":false},"excerpt":{"rendered":"<p>Schwarze Feincordhose mit hoher Taille, Taschen vorne und hinten, Rei\u00dfverschlu\u00df und Knopf, G\u00fcrtelschlaufen<\/p>\n<p>schmales Bein<\/p>\n<p>Gr\u00f6\u00dfe 38, 1 x getragen<\/p>\n<p>98% Baumwolle, 2% Elastan<\/p>\n<p>Esmara<\/p>\n","protected":false},"featured_media":1321,"comment_status":"open","ping_status":"closed","template":"","meta":{"jetpack_publicize_message":"","jetpack_is_tweetstorm":false,"jetpack_publicize_feature_enabled":true},"product_cat":[178],"product_tag":[192,186,228,184,183,180,181],"jetpack_publicize_connections":[],"jetpack_sharing_enabled":true,"_links":{"self":[{"href":"https:\/\/multiples-store.de\/index.php?rest_route=\/wp\/v2\/product\/1320"}],"collection":[{"href":"https:\/\/multiples-store.de\/index.php?rest_route=\/wp\/v2\/product"}],"about":[{"href":"https:\/\/multiples-store.de\/index.php?rest_route=\/wp\/v2\/types\/product"}],"replies":[{"embeddable":true,"href":"https:\/\/multiples-store.de\/index.php?rest_route=%2Fwp%2Fv2%2Fcomments&post=1320"}],"wp:featuredmedia":[{"embeddable":true,"href":"https:\/\/multiples-store.de\/index.php?rest_route=\/wp\/v2\/media\/1321"}],"wp:attachment":[{"href":"https:\/\/multiples-store.de\/index.php?rest_route=%2Fwp%2Fv2%2Fmedia&parent=1320"}],"wp:term":[{"taxonomy":"product_cat","embeddable":true,"href":"https:\/\/multiples-store.de\/index.php?rest_route=%2Fwp%2Fv2%2Fproduct_cat&post=1320"},{"taxonomy":"product_tag","embeddable":true,"href":"https:\/\/multiples-store.de\/index.php?rest_route=%2Fwp%2Fv2%2Fproduct_tag&post=1320"}],"curies":[{"name":"wp","href":"https:\/\/api.w.org\/{rel}","templated":true}]}}