{"id":1289,"date":"2021-01-31T07:33:09","date_gmt":"2021-01-31T07:33:09","guid":{"rendered":"https:\/\/multiples-store.de\/?post_type=product&#038;p=1289"},"modified":"2021-01-31T07:33:09","modified_gmt":"2021-01-31T07:33:09","slug":"schwarzer-pullover-mit-schoenen-details","status":"publish","type":"product","link":"https:\/\/multiples-store.de\/?product=schwarzer-pullover-mit-schoenen-details","title":{"rendered":"Schwarzer Pullover mit sch\u00f6nen Details"},"content":{"rendered":"<p>Wundersch\u00f6ner schwarzer Pullover mit Stehkragen und kleinem Rei\u00dfverschlu\u00df, ohne B\u00fcndchen, mit K\u00e4ngurutasche<\/p>\n<p>Gr\u00f6\u00dfe 36, wenig getragen<\/p>\n<p>100% Merinowolle<\/p>\n<p>DEYK. CONNEMARA<\/p>\n","protected":false},"excerpt":{"rendered":"<p>Wundersch\u00f6ner schwarzer Pullover mit Stehkragen und kleinem Rei\u00dfverschlu\u00df, ohne B\u00fcndchen, mit K\u00e4ngurutasche<\/p>\n<p>Gr\u00f6\u00dfe 36, wenig getragen<\/p>\n<p>100% Merinowolle<\/p>\n<p>DEYK. CONNEMARA<\/p>\n","protected":false},"featured_media":1248,"comment_status":"open","ping_status":"closed","template":"","meta":{"jetpack_publicize_message":"","jetpack_is_tweetstorm":false,"jetpack_publicize_feature_enabled":true},"product_cat":[178],"product_tag":[186,193,182,184,183,208,180,181],"jetpack_publicize_connections":[],"jetpack_sharing_enabled":true,"_links":{"self":[{"href":"https:\/\/multiples-store.de\/index.php?rest_route=\/wp\/v2\/product\/1289"}],"collection":[{"href":"https:\/\/multiples-store.de\/index.php?rest_route=\/wp\/v2\/product"}],"about":[{"href":"https:\/\/multiples-store.de\/index.php?rest_route=\/wp\/v2\/types\/product"}],"replies":[{"embeddable":true,"href":"https:\/\/multiples-store.de\/index.php?rest_route=%2Fwp%2Fv2%2Fcomments&post=1289"}],"wp:featuredmedia":[{"embeddable":true,"href":"https:\/\/multiples-store.de\/index.php?rest_route=\/wp\/v2\/media\/1248"}],"wp:attachment":[{"href":"https:\/\/multiples-store.de\/index.php?rest_route=%2Fwp%2Fv2%2Fmedia&parent=1289"}],"wp:term":[{"taxonomy":"product_cat","embeddable":true,"href":"https:\/\/multiples-store.de\/index.php?rest_route=%2Fwp%2Fv2%2Fproduct_cat&post=1289"},{"taxonomy":"product_tag","embeddable":true,"href":"https:\/\/multiples-store.de\/index.php?rest_route=%2Fwp%2Fv2%2Fproduct_tag&post=1289"}],"curies":[{"name":"wp","href":"https:\/\/api.w.org\/{rel}","templated":true}]}}