{"id":1226,"date":"2021-01-26T14:32:56","date_gmt":"2021-01-26T14:32:56","guid":{"rendered":"https:\/\/multiples-store.de\/?post_type=product&#038;p=1226"},"modified":"2021-01-26T14:35:25","modified_gmt":"2021-01-26T14:35:25","slug":"gruene-jacke","status":"publish","type":"product","link":"https:\/\/multiples-store.de\/?product=gruene-jacke","title":{"rendered":"Gr\u00fcne Jacke"},"content":{"rendered":"<p>Gr\u00fcne Jacke mit hellgr\u00fcnem Innenfutter, doppelte Knopfreihe mit jeweils 5 Kn\u00f6pfen, \u00c4rmelabschluss mit Knopf und Rei\u00dfverschlu\u00df, 2 gro\u00dfe Taschen mit Patten, zukn\u00f6pfbar, wasserabweisend<\/p>\n<p>Gr\u00f6\u00dfe 42, f\u00e4llt kleiner aus (eher 38 &#8211; 40), 1 getragen, neuwertig<\/p>\n<p>Obermaterial 65% Polyamid, 35% Elastan, Innenfutter 100% Polyester<\/p>\n<p>Peuterey<\/p>\n","protected":false},"excerpt":{"rendered":"<p>Gr\u00fcne Jacke mit hellgr\u00fcnem Innenfutter, doppelte Knopfreihe mit jeweils 5 Kn\u00f6pfen, \u00c4rmelabschluss mit Knopf und Rei\u00dfverschlu\u00df, 2 gro\u00dfe Taschen mit Patten, zukn\u00f6pfbar, wasserabweisend<\/p>\n<p>Gr\u00f6\u00dfe 42, f\u00e4llt kleiner aus (eher 38 -40), 1 getragen, neuwertig<\/p>\n<p>Obermaterial 65% Polyamid, 35% Elastan, Innenfutter 100% Polyester<\/p>\n<p>Peuterey<\/p>\n","protected":false},"featured_media":1227,"comment_status":"open","ping_status":"closed","template":"","meta":{"jetpack_publicize_message":"","jetpack_is_tweetstorm":false,"jetpack_publicize_feature_enabled":true},"product_cat":[178],"product_tag":[217,186,184,183,219,180,181],"jetpack_publicize_connections":[],"jetpack_sharing_enabled":true,"_links":{"self":[{"href":"https:\/\/multiples-store.de\/index.php?rest_route=\/wp\/v2\/product\/1226"}],"collection":[{"href":"https:\/\/multiples-store.de\/index.php?rest_route=\/wp\/v2\/product"}],"about":[{"href":"https:\/\/multiples-store.de\/index.php?rest_route=\/wp\/v2\/types\/product"}],"replies":[{"embeddable":true,"href":"https:\/\/multiples-store.de\/index.php?rest_route=%2Fwp%2Fv2%2Fcomments&post=1226"}],"wp:featuredmedia":[{"embeddable":true,"href":"https:\/\/multiples-store.de\/index.php?rest_route=\/wp\/v2\/media\/1227"}],"wp:attachment":[{"href":"https:\/\/multiples-store.de\/index.php?rest_route=%2Fwp%2Fv2%2Fmedia&parent=1226"}],"wp:term":[{"taxonomy":"product_cat","embeddable":true,"href":"https:\/\/multiples-store.de\/index.php?rest_route=%2Fwp%2Fv2%2Fproduct_cat&post=1226"},{"taxonomy":"product_tag","embeddable":true,"href":"https:\/\/multiples-store.de\/index.php?rest_route=%2Fwp%2Fv2%2Fproduct_tag&post=1226"}],"curies":[{"name":"wp","href":"https:\/\/api.w.org\/{rel}","templated":true}]}}