{"id":1173,"date":"2021-01-26T11:00:55","date_gmt":"2021-01-26T11:00:55","guid":{"rendered":"https:\/\/multiples-store.de\/?post_type=product&#038;p=1173"},"modified":"2021-01-26T11:00:56","modified_gmt":"2021-01-26T11:00:56","slug":"maritimer-pullover","status":"publish","type":"product","link":"https:\/\/multiples-store.de\/?product=maritimer-pullover","title":{"rendered":"Maritimer Pullover"},"content":{"rendered":"<p>3-farbiger Pullover aus feinem Strickstoff in dunkelblau, rot und cremewei\u00df mit B\u00fcndchen am runden Halsauschnitt, an den \u00c4rmeln und am unteren Rand<\/p>\n<p>70% Viskose, 30% Polyamid<\/p>\n<p>Gr\u00f6\u00dfe 36\/38, 2 x getragen, neuwertig<\/p>\n<p>TOM TAILOR<\/p>\n","protected":false},"excerpt":{"rendered":"<p>3-farbiger Pullover aus feinem Strickstoff in dunkelblau, rot und cremewei\u00df mit B\u00fcndchen am runden Halsauschnitt, an den \u00c4rmeln und am unteren Rand, Markenlogo auf der linken Vorderseite<\/p>\n<p>70% Viskose, 30% Polyamid<\/p>\n<p>Gr\u00f6\u00dfe 36\/38, 2 x getragen, neuwertig<\/p>\n<p>TOM TAILOR<\/p>\n","protected":false},"featured_media":1174,"comment_status":"open","ping_status":"closed","template":"","meta":{"jetpack_publicize_message":"","jetpack_is_tweetstorm":false,"jetpack_publicize_feature_enabled":true},"product_cat":[178],"product_tag":[186,193,184,183,208,180,181],"jetpack_publicize_connections":[],"jetpack_sharing_enabled":true,"_links":{"self":[{"href":"https:\/\/multiples-store.de\/index.php?rest_route=\/wp\/v2\/product\/1173"}],"collection":[{"href":"https:\/\/multiples-store.de\/index.php?rest_route=\/wp\/v2\/product"}],"about":[{"href":"https:\/\/multiples-store.de\/index.php?rest_route=\/wp\/v2\/types\/product"}],"replies":[{"embeddable":true,"href":"https:\/\/multiples-store.de\/index.php?rest_route=%2Fwp%2Fv2%2Fcomments&post=1173"}],"wp:featuredmedia":[{"embeddable":true,"href":"https:\/\/multiples-store.de\/index.php?rest_route=\/wp\/v2\/media\/1174"}],"wp:attachment":[{"href":"https:\/\/multiples-store.de\/index.php?rest_route=%2Fwp%2Fv2%2Fmedia&parent=1173"}],"wp:term":[{"taxonomy":"product_cat","embeddable":true,"href":"https:\/\/multiples-store.de\/index.php?rest_route=%2Fwp%2Fv2%2Fproduct_cat&post=1173"},{"taxonomy":"product_tag","embeddable":true,"href":"https:\/\/multiples-store.de\/index.php?rest_route=%2Fwp%2Fv2%2Fproduct_tag&post=1173"}],"curies":[{"name":"wp","href":"https:\/\/api.w.org\/{rel}","templated":true}]}}