{"id":1140,"date":"2021-01-26T06:05:26","date_gmt":"2021-01-26T06:05:26","guid":{"rendered":"https:\/\/multiples-store.de\/?post_type=product&#038;p=1140"},"modified":"2021-01-26T06:05:26","modified_gmt":"2021-01-26T06:05:26","slug":"dunkelgruenes-kleid-mit-langen-aermeln","status":"publish","type":"product","link":"https:\/\/multiples-store.de\/?product=dunkelgruenes-kleid-mit-langen-aermeln","title":{"rendered":"Dunkelgr\u00fcnes Kleid mit langen \u00c4rmeln"},"content":{"rendered":"<p>Schmales, ganz schlichtes dunkelgr\u00fcnes Kleid mit langen \u00c4rmeln, rundem Halsausschnitt, einer Ziernaht auf der vorderen Mitte und angedeuteten Taschen. Angenehm zu tragen durch den hohen Viskoseanteil und den eleastischen Stoff.<\/p>\n<p>Gr\u00f6\u00dfe S, 1 x getragen, keine Gebrauchsspuren<\/p>\n<p>77% Visksoe, 18% Polyamid, 5% Elasthan<\/p>\n<p>JuFFROUW Jansen, Amsterdam<\/p>\n","protected":false},"excerpt":{"rendered":"<p>Schmales, ganz schlichtes dunkelgr\u00fcnes Kleid mit langen \u00c4rmeln, rundem Halsausschnitt, einer Ziernaht auf der vorderen Mitte und angedeuteten Taschen. Angenehm zu tragen durch den hohen Viskoseanteil und den eleastischen Stoff.<\/p>\n<p>Gr\u00f6\u00dfe S, 1 x getragen, keine Gebrauchsspuren<\/p>\n<p>77% Visksoe, 18% Polyamid, 5% Elasthan<\/p>\n<p>JuFFROUW Jansen, Amsterdam<\/p>\n","protected":false},"featured_media":1141,"comment_status":"open","ping_status":"closed","template":"","meta":{"jetpack_publicize_message":"","jetpack_is_tweetstorm":false,"jetpack_publicize_feature_enabled":true},"product_cat":[178],"product_tag":[186,184,183,203,180,181],"jetpack_publicize_connections":[],"jetpack_sharing_enabled":true,"_links":{"self":[{"href":"https:\/\/multiples-store.de\/index.php?rest_route=\/wp\/v2\/product\/1140"}],"collection":[{"href":"https:\/\/multiples-store.de\/index.php?rest_route=\/wp\/v2\/product"}],"about":[{"href":"https:\/\/multiples-store.de\/index.php?rest_route=\/wp\/v2\/types\/product"}],"replies":[{"embeddable":true,"href":"https:\/\/multiples-store.de\/index.php?rest_route=%2Fwp%2Fv2%2Fcomments&post=1140"}],"wp:featuredmedia":[{"embeddable":true,"href":"https:\/\/multiples-store.de\/index.php?rest_route=\/wp\/v2\/media\/1141"}],"wp:attachment":[{"href":"https:\/\/multiples-store.de\/index.php?rest_route=%2Fwp%2Fv2%2Fmedia&parent=1140"}],"wp:term":[{"taxonomy":"product_cat","embeddable":true,"href":"https:\/\/multiples-store.de\/index.php?rest_route=%2Fwp%2Fv2%2Fproduct_cat&post=1140"},{"taxonomy":"product_tag","embeddable":true,"href":"https:\/\/multiples-store.de\/index.php?rest_route=%2Fwp%2Fv2%2Fproduct_tag&post=1140"}],"curies":[{"name":"wp","href":"https:\/\/api.w.org\/{rel}","templated":true}]}}