{"id":1022,"date":"2021-01-24T11:04:04","date_gmt":"2021-01-24T11:04:04","guid":{"rendered":"https:\/\/multiples-store.de\/?post_type=product&#038;p=1022"},"modified":"2021-01-25T07:15:50","modified_gmt":"2021-01-25T07:15:50","slug":"rotes-damenshirt-mit-3-4-arm","status":"publish","type":"product","link":"https:\/\/multiples-store.de\/?product=rotes-damenshirt-mit-3-4-arm","title":{"rendered":"Rotes Damenshirt mit 3\/4 Arm"},"content":{"rendered":"<p>Leuchtend rotes Damenshirt mit 3\/4 Arm und durchgehender Knopfleiste und 70er Jahre Kragen. Kleine Umschl\u00e4ge als Armabschlu\u00df. Weich fallendes Material.<\/p>\n<p>100% Polyester, Gr\u00f6\u00dfe 38, gebraucht ohne Sch\u00e4den<\/p>\n<p>Madonna<\/p>\n","protected":false},"excerpt":{"rendered":"<p>Leuchtend rotes Damenshirt mit 3\/4 Arm und durchgehender Knopfleiste und 70er Jahre Kragen. Kleine Umschl\u00e4ge als Armabschlu\u00df. Weich fallendes Material.<\/p>\n<p>100% Polyester, Gr\u00f6\u00dfe 38, gebraucht ohne Sch\u00e4den<\/p>\n<p>Madonna<\/p>\n","protected":false},"featured_media":1023,"comment_status":"open","ping_status":"closed","template":"","meta":{"jetpack_publicize_message":"","jetpack_is_tweetstorm":false,"jetpack_publicize_feature_enabled":true},"product_cat":[178],"product_tag":[179,186,184,183,180,181],"jetpack_publicize_connections":[],"jetpack_sharing_enabled":true,"_links":{"self":[{"href":"https:\/\/multiples-store.de\/index.php?rest_route=\/wp\/v2\/product\/1022"}],"collection":[{"href":"https:\/\/multiples-store.de\/index.php?rest_route=\/wp\/v2\/product"}],"about":[{"href":"https:\/\/multiples-store.de\/index.php?rest_route=\/wp\/v2\/types\/product"}],"replies":[{"embeddable":true,"href":"https:\/\/multiples-store.de\/index.php?rest_route=%2Fwp%2Fv2%2Fcomments&post=1022"}],"wp:featuredmedia":[{"embeddable":true,"href":"https:\/\/multiples-store.de\/index.php?rest_route=\/wp\/v2\/media\/1023"}],"wp:attachment":[{"href":"https:\/\/multiples-store.de\/index.php?rest_route=%2Fwp%2Fv2%2Fmedia&parent=1022"}],"wp:term":[{"taxonomy":"product_cat","embeddable":true,"href":"https:\/\/multiples-store.de\/index.php?rest_route=%2Fwp%2Fv2%2Fproduct_cat&post=1022"},{"taxonomy":"product_tag","embeddable":true,"href":"https:\/\/multiples-store.de\/index.php?rest_route=%2Fwp%2Fv2%2Fproduct_tag&post=1022"}],"curies":[{"name":"wp","href":"https:\/\/api.w.org\/{rel}","templated":true}]}}